t i(u) = 7*u**2. Let r be i(-1). Suppose 26 = 2*y + 3*x, -27 + r = -y - 5*x. Let j = 34 + -7. What is the remainder when j is divided by y?
7
Let n = 27 - 24. Suppose -8*s = -4*s - 5*z - 6, 5*s - 26 = -3*z. Suppose 89 = s*k - 3*b, k - 32 = n*b + b. Calculate the remainder when 39 is divided by k.
19
Suppose 8*a - 15 = 5*a. Calculate the remainder when 44 is divided by a.
4
Suppose -3*z - 8 = -3*s + 4, 0 = -3*s + 2*z + 11. Suppose -4*g + 24 = h, -s*h - 2 = -2*g - 4. Calculate the remainder when 11 is divided by h.
3
Suppose -17 = -4*i + 155. What is the remainder when i is divided by 11?
10
Suppose 9*d - 10*d + 46 = 0. What is the remainder when d is divided by 18?
10
Let u be (8 - -2)*(-12)/15. Calculate the remainder when u/28 + 65/7 is divided by 5.
4
Let f = -11 + 13. Suppose 0*j + f*j - 124 = 0. Calculate the remainder when j is divided by 21.
20
What is the remainder when 40 - (-5)/15*-3 is divided by 9?
3
Suppose 5*i = 6*i - 20. Calculate the remainder when i is divided by 7.
6
Suppose 13*r - 871 + 286 = 0. What is the remainder when 178 is divided by r?
43
Suppose 2*n - 28 = 5*i - 4*i, 3*n + 4*i = 20. Suppose 0 = -2*r - 0*r - n. Let d(x) = x**2 + 5*x - 3. What is the remainder when d(r) is divided by 2?
1
Suppose 0 = g + 3*v - 89, 5*v = 2*g + 6 - 184. Calculate the remainder when g is divided by 30.
29
Suppose 4*d + 239 = -3*k, -2*k + 30 = -4*d - 224. Let c = 26 + d. Let n = -15 - c. What is the remainder when 41 is divided by n?
20
Let n(w) = -2*w - 12. Let o be n(-10). Suppose 2*b + o = 4*b. What is the remainder when 66/2*(-2)/(-6) is divided by b?
3
Let v = 3 + 28. Calculate the remainder when 122 is divided by v.
29
Let j be 68/18 - (-8)/36. Suppose 3*y - 5*y - 4 = 2*f, j*f - 2*y - 22 = 0. What is the remainder when 5 is divided by f?
2
Let y = -13 - -17. Calculate the remainder when y is divided by 3.
1
Suppose -h - v + 14 = 0, -3*v = 5*h - 0*h - 68. Calculate the remainder when h is divided by -1 + 3 + 4/(1 - -1).
1
Suppose 13 = 5*u - 62. Suppose 4 = 2*c - 8. Calculate the remainder when u is divided by c.
3
Calculate the remainder when 75*(4/4)/1 is divided by 13.
10
Let f be (-2 - (-4 - 0)) + -2. Calculate the remainder when f + 7 - (-4 + 3) is divided by 4.
0
Let k be (-262)/(-4) + 2/(-4). Suppose -g + 42 = g + 2*r, -5*r + k = 3*g. What is the remainder when 38 is divided by g?
18
Let k(d) = 2*d**2 + 10*d + 1. Let j(s) = -5*s**2 - 29*s - 3. Let y(q) = -3*j(q) - 8*k(q). Calculate the remainder when 31 is divided by y(5).
9
Let s be (-4)/10 + 7/5. Let g = s - -1. What is the remainder when 2 is divided by g?
0
Let p(x) = -x**3 + 3*x**2 + 2*x - 3. Let w = 7 - 4. Let f be p(w). Suppose -f*s = -125 - 10. What is the remainder when s is divided by 23?
22
Suppose 4*x = 7 + 25. What is the remainder when x is divided by 3?
2
Suppose 2*y + y = 12. Suppose h + 2*x - 5*x - 15 = 0, 26 = 4*h + 5*x. Calculate the remainder when h is divided by y.
1
Suppose 2*a + 3*j = 51, 3*j - 33 = -a - j. Calculate the remainder when 37 is divided by (-60)/a*(-7)/2.
7
Suppose 44 = 8*i - 36. Suppose n - 27 = 2. What is the remainder when n is divided by i?
9
Let d(o) = -8*o - 4. Let x be d(-4). Suppose 4*k + 4*v - 32 = 0, k = v + 3*v + x. Calculate the remainder when 35 is divided by k.
11
Suppose -3*g - 2*g = -30. Suppose z = -z + g. Let k(n) = -3*n - 1. What is the remainder when z is divided by k(-1)?
1
Suppose 0 = -3*x - 0*x + 12. Suppose -k + 4*m + x = 3*k, 5*k = -2*m + 12. Let h(o) = -o**3 - 5*o**2 + 6*o + 3. What is the remainder when h(-6) is divided by k?
1
Let r = -19 - -15. Let b = 1 - -5. Calculate the remainder when b is divided by 4 + 0 + 4 + r.
2
Calculate the remainder when (-5 + 3 - -5)/3 is divided by 1.
0
Suppose 0 = -5*b + 4*b + 2. Let d(r) = 3*r**b + r**2 - r - 5 - r**3 + 5*r. Calculate the remainder when 32 is divided by d(4).
10
What is the remainder when 38 is divided by (40/(-6))/((-28)/42)?
8
Suppose -4*d = -k - k - 114, 0 = -4*d - 3*k + 129. Suppose -d = 3*h - 90. What is the remainder when 78 is divided by h?
18
Let p(g) = 5*g**2 - 6*g + 5. Let z(o) = -11*o**2 + 13*o - 11. Let b(q) = -13*p(q) - 6*z(q). What is the remainder when 2 is divided by b(1)?
0
Suppose 2*j - 14 = 12. Suppose 5*c - 48 = 3*c. Calculate the remainder when c is divided by j.
11
What is the remainder when 18 is divided by 22/6*(3 - 0)?
7
Suppose 3*r + 78 + 47 = 5*u, u - 47 = 5*r. Let h be -1*(-2)/4*16. Let f(v) = v. Calculate the remainder when u is divided by f(h).
6
Suppose -2*u + 25 = 77. Suppose -2*n + 5*s = 3*n - 5, 2*n - 11 = -s. What is the remainder when n is divided by u/(-8) - (-2)/(-8)?
1
Suppose 4*p = 4*r - 160, -3*p + 5*r - 92 = -p. Let s = p - -73. What is the remainder when s is divided by 13?
11
Let h = -10 + 25. Suppose -2*w - 5 = -23. What is the remainder when h is divided by w?
6
Suppose 4*c - x + 8 = 0, 0 = 5*c - c - 3*x + 16. Suppose 50 = 3*v - 7. What is the remainder when c/(-3) + 328/6 is divided by v?
17
Let g = -7 - -18. Calculate the remainder when g is divided by 49/17 + 18/153.
2
Suppose 4*y - 4*b = -9 + 29, -4*y = 3*b - 34. Suppose 0*h = 5*h - 20. Calculate the remainder when (-114)/h*6/(-9) is divided by y.
5
Suppose 2*m + 3*m - 90 = 0. Suppose -3*n - 4*x = -119, 2*n - 71 = -0*n - x. Calculate the remainder when n is divided by m.
15
Let p be (-1)/(-1 - 3/(-6)). Suppose p*w - 144 = -0*w. Calculate the remainder when w is divided by 25.
22
Let x(s) = -2*s - 2. What is the remainder when x(-8) is divided by 4?
2
Let a be (-1 + (-61 - -3))/(-1). Let q be -42 + 0 + (-2)/(-1). Let k = a + q. Calculate the remainder when 36 is divided by k.
17
Let j(v) = -v**3 + 7*v**2 - 7*v + 6. Let d be j(6). Let t be 8*(2*3 + d). Suppose 2*q - 6*q + t = 0. What is the remainder when 23 is divided by q?
11
Let y(j) = -j**3 - 13*j**2 + j + 1. Let p be y(-13). Let x be (-38)/(-8) - (-9)/p. Let g = 30 - x. Calculate the remainder when g is divided by 14.
12
Let l(n) = 188*n + 5. What is the remainder when l(1) is divided by 14?
11
Let b(a) be the second derivative of 7*a**4/2 - a**3/6 + a**2/2 + 3*a. What is the remainder when b(1) is divided by 15?
12
Let u be -5 - -1 - (-1 - 0). Let s(t) = -t**3 - 3*t**2 + 4. Calculate the remainder when 7 - (1 + -1)/(-3) is divided by s(u).
3
Suppose -w - 25 = -6*w. Suppose -19 = -5*m + 3*r, -1 = 3*m + w*r + 8. What is the remainder when 2 is divided by m?
0
Let h = 7 + -3. Let z = 15 + h. Calculate the remainder when 37 is divided by z.
18
Suppose 0 = 5*z - 3*z - 42. Let s = 8 - -32. What is the remainder when 33/(-11)*s/(-3) is divided by z?
19
Let n = -31 - -54. Let h be (-2 - 0)/(5/(-10)). What is the remainder when n is divided by h/10 - 76/(-10)?
7
Suppose -5*m + 24 = -m. Let t = 21 - m. What is the remainder when 29 is divided by t?
14
Let b(r) = 9*r**3. Let t be b(-1). Calculate the remainder when (-24)/t*(-81)/(-12) is divided by 5.
3
Let f(j) = j**3 + 3*j**2 - 7*j. What is the remainder when f(-3) is divided by 6?
3
Let z be 8/((1 - -2) + -1). Suppose z*w - 3*i - 19 = 49, 3*w - 5*i = 62. Calculate the remainder when w is divided by 5.
4
Suppose 3*g + 4 - 1 = 0. Let d = g - -10. What is the remainder when 67/4 - 2/(-8) is divided by d?
8
Let d(g) = -g + 2. Let u be d(3). Calculate the remainder when 34*u/(-1 - 0) is divided by (6/(-7))/((-1)/14).
10
Calculate the remainder when 89 is divided by (0 - (-15)/6)/(15/90).
14
Let y(v) = -v**3 - 8*v**2 + 6. Let o be y(-8). Let a(s) = s**2 - 5*s + 7. What is the remainder when 2*2*-1*-6 is divided by a(o)?
11
Calculate the remainder when 406/(-35)*-2 - (-2)/(-10) is divided by 6.
5
Let y = 3 - -11. Suppose 4*o = 5*r + 254, 0*o - r - 64 = -o. Calculate the remainder when o is divided by y.
10
Let i be 1/2 - 15/(-2). Let b = 19 - i. Let m = 18 + -12. Calculate the remainder when b is divided by m.
5
Let g(u) = 2*u**2. Let h be g(-2). Suppose 3*p - k - 70 = 0, -p = 2*k - 6 - h. Calculate the remainder when p is divided by 8.
6
Let w = -44 + 52. What is the remainder when 11 is divided by w?
3
Let x = -154 + 100. Let g = x + 98. Let w = g + -18. What is the remainder when w is divided by 14?
12
Let w(a) = -a**2 - 7*a - 3. Suppose 0 = -i + 6*r - 8*r + 4, -4*i + 3*r = -5. What is the remainder when w(-6) is divided by i?
1
Suppose -5*g - 2*s = -33, -3*g + 0*s = -s 